
What is the remainder when 156 is divided by (6/((-18)/(-5)))/(668/(-84) - -8)?
16
Suppose 0 = 6*j - 3*j - 141. Calculate the remainder when j is divided by (832/(-128))/(2 - (-15)/(-6)).
8
Suppose -174*c = -584 - 1678. Calculate the remainder when c is divided by (-9)/2*-2 + -1.
5
Suppose 5*c + 5*o = 10590, 0 = -44*c + 48*c - 2*o - 8460. Calculate the remainder when c is divided by 5.
1
Let u(f) = f**3 + 6*f**2 + 7*f + 3. Let m(c) = 2*c - 9. Let b be m(4). Let y be (b + -1)*(-24)/(-16). What is the remainder when 30 is divided by u(y)?
3
Let u = -399 + 1029. Calculate the remainder when u is divided by (-13 - (-1 + 0)) + (-876421)/(-9631).
77
Suppose w - 8 = -w. Suppose 15 = k + w*k. Let i = 15 + k. Calculate the remainder when i is divided by 11.
7
Suppose 98 = -t - 4*i, 0*t - 77 = t - 3*i. Let v = 139 + t. Suppose 0 = k + y - 12, 0*y - 2*y = -5*k + v. Calculate the remainder when 20 is divided by k.
9
Let n(k) = -k**3 + 12*k**2 - 7*k - 38. Let u be n(11). Let y(h) = 2 - 3 - 8 + 1 + u*h + 3*h**2. What is the remainder when 45 is divided by y(-4)?
13
Let c(y) = 8*y**2 - 4*y + 4. Let i be c(2). Suppose 2*a - 10 = 0, -3*s + a + i = -0*a. Suppose d - 55 = -s. Calculate the remainder when d is divided by 24.
20
Let x = -35 - -39. Suppose -3*m = 4*r + 28 - 209, 3*m = x*r - 211. What is the remainder when r is divided by (2 - 558/(-24)) + 6/(-24)?
24
Suppose 2 = 2*h, 2*h + 34 = -6*x + 3*x. Let w = -10 - x. Suppose 3*z = 2*y - w*z - 12, -5*z = -20. What is the remainder when 61 is divided by y?
13
Let v = 64 - 53. Let w(j) = -j**3 + 13*j**2 + 16*j - 22. Let q be w(14). Suppose 10*r - q*r = 128. What is the remainder when r is divided by v?
10
What is the remainder when 76 is divided by (-100)/(-2) - (-49 + 62)?
2
Let l be 3/(-2 - 1) + 7 + -3. Suppose 0 = l*m - 29 - 16. Suppose 13*z = 12*z + m. Calculate the remainder when 58 is divided by z.
13
Suppose -279 = -3*z + 25*z - 7429. What is the remainder when z is divided by 147?
31
Let q = 17 - -107. Suppose -3*t = 0, -3*t = -4*o - 0*t + q. Suppose -5*b = i - 36, 22 = 2*b - 4*i - 10. What is the remainder when o is divided by b?
7
Let s = 13 - -18. Let p(h) = -h**2 - 30*h - 74. Let w be p(-23). Let k = -79 + w. Calculate the remainder when s is divided by k.
7
Suppose 56*t = 50*t + 216. Suppose 7*a - 4*a - t = 0. Calculate the remainder when 118 is divided by a.
10
Suppose 6*l - v = 2115, -36*l = -41*l + 3*v + 1756. Calculate the remainder when l is divided by 67.
18
Let r(b) = 2*b**2 + 4*b + 3. Let q be r(3). Let n = -4 + q. What is the remainder when 42 is divided by n?
13
Let o(i) = -i**3 + 44*i**2 + 61*i - 635. What is the remainder when 499 is divided by o(45)?
74
Suppose 7*a + 13*a - 260 = 7*a. What is the remainder when a is divided by 4?
0
Let u be (-15)/45 - (-56)/6. Suppose -4*y + b = 9, 2*y - 2*b - u = 3*y. Calculate the remainder when ((-12)/y - 3) + 86 is divided by 22.
21
Let f be (5/(-4))/((-15)/60). Calculate the remainder when (-490)/14*(-13)/f is divided by 16.
11
Let c(x) = 652 + x**3 - 10*x + 0*x - 10*x - 636 + 6*x**2. Calculate the remainder when c(-8) is divided by 7.
6
Let z = -462 - -222. Let i = z - -259. What is the remainder when 1004/14 + (-6)/(-21) is divided by i?
15
Calculate the remainder when 613 is divided by (336/(-112) - (-22)/7) + 2784/14.
16
Let h = 28 + 2. Let y(v) = v**2 - 409*v + 3604. What is the remainder when h is divided by y(9)?
2
Let k = 49 + -25. Let f be (0 + 144)*(-3)/((-72)/32). Suppose -4*z = 3*j - f, -7*z + 61 = -6*z + 4*j. What is the remainder when z is divided by k?
21
Let g(m) = 3*m**2 + 8*m + 1. Let d be g(5). Suppose d*q = 120*q - 68. What is the remainder when 82 is divided by q?
14
Let n(y) = -2*y**2 + 10*y + 6. Let a be n(8). Let d = 125 - a. Let b = -60 + d. Calculate the remainder when b is divided by 36.
35
Suppose -42*z + 25599 + 68630 = -162727. Calculate the remainder when z is divided by 211.
210
Let a = -5263 + 8154. Calculate the remainder when a is divided by 21.
14
Calculate the remainder when 169 is divided by 1/(7 - (-12540)/(-1793)).
6
Suppose -2*d = -17 - 39. Suppose -3300 = 12*n - 29*n - 43*n. What is the remainder when n is divided by d?
27
Suppose 2*n = -n - 9, 3*n - 195 = k. Let p = 244 + k. What is the remainder when 78 is divided by p?
38
Let m(x) = 14*x + 71. Let k be m(-9). Suppose 5*g - 4*y = -170, 3*g - y + 133 = 31. Let f = g - k. Calculate the remainder when 102 is divided by f.
18
Let x be 1/(2/5*4/72). Let s = x - 41. Let h = 535 - 527. Calculate the remainder when h is divided by s.
0
Let x(m) = -m**3 - 756 - 8*m - m**2 - m**2 + 770. Calculate the remainder when x(-5) is divided by 22.
19
Calculate the remainder when 1 - -671 - 477/(-265)*10/(-3) is divided by 29.
28
Suppose 3*m + 0*m + 111 = p, -2*p = 3*m - 231. Let g = -17447 - -17460. Calculate the remainder when p is divided by g.
10
What is the remainder when 3/((-12018)/(-4004) + -3) - (101 - 98) is divided by 91?
88
Let y(x) = -16*x**3 - 8*x**2 - 3*x - 1. Suppose z + q = 2*q + 37, z - 25 = -3*q. What is the remainder when y(-2) is divided by z?
33
Let u = -33438 - -34153. Calculate the remainder when 1460 is divided by u.
30
Suppose c + 4*d = 52, 405 - 141 = 4*c + 2*d. Calculate the remainder when c is divided by 7.
5
Let x(b) = b**3 - 35*b**2 + 4*b + 70. What is the remainder when 1763 is divided by x(0)?
13
Let k = 36 - -162. Suppose -3*j + 213 = 2*f, -3*j + k = 2*f - 5*f. Suppose -33*n - 17*n + 500 = 0. What is the remainder when j is divided by n?
9
Suppose 27*y - 5*y - 154 = 0. Let g(h) = 2*h**3 - 15*h**2 + 7*h + 6. Calculate the remainder when 113 is divided by g(y).
5
Let h = -42 - -41. Calculate the remainder when (-5)/(-40)*h - (-5605)/40 is divided by 18.
14
Suppose -45*b + 90 = -39*b. Calculate the remainder when b*(2 + (-72)/(-8)) is divided by 54.
3
What is the remainder when (-3 - 5943/(-33)) + ((-6749)/187 - -36) is divided by (-266)/(-18) + 4/18?
12
Suppose -30*n + 28*n + 48 = 0. Suppose -2*v - 130 = -n. Let i = v - -77. What is the remainder when 79 is divided by i?
7
Let i = 718 - 716. Suppose z - 31 = i*v, -33*z = -38*z + 2*v + 115. Calculate the remainder when 83 is divided by z.
20
Let p(a) be the first derivative of -28*a**2 - 29*a + 49. Suppose 41 = 3*z + j, -z = j + 2*j - 3. Calculate the remainder when p(-1) is divided by z.
12
Let f = -8 - -16. Suppose 93 = f*g - 459. Suppose g = 3*i - 144. What is the remainder when i is divided by 37?
34
Let c(i) = 2*i**3 - i**2 - 3*i + 2. Let g = 17269 - 17134. What is the remainder when g is divided by c(3)?
21
Suppose -q - 22*z + 21*z = -298, 3*z = 18. Let i = -25 - -39. What is the remainder when q is divided by i?
12
Suppose 9*p + 522 - 2092 = 986. Suppose -3*t = t - 288. Calculate the remainder when p is divided by t.
68
Let r(q) = -30*q**2 + 919*q - 31. Calculate the remainder when r(30) is divided by 15.
14
What is the remainder when 2/(3/((-10584)/(-18))) is divided by 173?
46
Suppose 5*z - 7650 = 5*y, -44*y + 45*y = 2. What is the remainder when z is divided by 139?
3
Suppose 9*s - 3*m - 891 = 0, -2*m - 496 = -1543*s + 1538*s. Suppose -2*r = -3*r + 17. What is the remainder when s is divided by r?
13
Suppose -3*s = 231*v - 229*v - 107, -5*s - 131 = -2*v. Calculate the remainder when v is divided by (-338)/(-6) - 14/(-21).
1
Let n = 17144 + -17119. Calculate the remainder when 4168 is divided by n.
18
Suppose -5*d = -g + 11, 50*g + d = 52*g - 31. Calculate the remainder when 2654 is divided by g.
14
Suppose 0 = 99*g - 13637 - 3094. What is the remainder when 374 is divided by g?
36
Let f(a) = -a + 12. Let j = -158 + 152. What is the remainder when 47 is divided by f(j)?
11
Let j = 2135 - 2102. Let k(x) = -28*x - 1. What is the remainder when k(-7) is divided by j?
30
Let p be 6 + 0 - (9 + -15 + 6). Suppose p*r - 1012 - 1292 = 0. Calculate the remainder when r is divided by 35.
34
Let h = -239 - -267. What is the remainder when 67 is divided by h?
11
Calculate the remainder when (-41837)/(-107) + 1*7 is divided by 212.
186
Let m = 325 + -292. Suppose 21*a = m*a - 156. What is the remainder when a is divided by 2?
1
What is the remainder when 3657280/896 - 12/(-56) is divided by 19?
16
Let j = 22582 + -20351. Calculate the remainder when j is divided by 36.
35
Suppose 3*q + 10 = 5*